e (-2 - (-4 - -3))*(2 + -29). Let c be i/9 + (118 - 0/(-2)). What is the greatest common factor of 22 and c?
11
Let g be (-4)/(-10) - (-8)/5. Suppose -h - 65 = -2*b + g*h, -3*b + h + 101 = 0. What is the highest common divisor of b and 17?
17
Let p be (-2)/6 + (-575)/(-15). Suppose -4*l + p = -2*l. Suppose f = b - 37, -4*f - 2 = -6. Calculate the greatest common divisor of b and l.
19
Suppose -3*h + d - 1030 = 0, -8*d - 25 = -3*d. Let n be (3/(-5))/(3/h). Let r be n - ((-8)/2 - -1). Calculate the highest common factor of r and 12.
12
Let d = -10 + 13. Let f be -2*d/(-4)*26. What is the greatest common factor of 26 and f?
13
Suppose 6 + 30 = i. Suppose -5*c + i = -c. Let b = 140 - 95. Calculate the greatest common factor of c and b.
9
Suppose -2*y = 3*s - 557, 3*y = -60*s + 55*s + 833. What is the highest common divisor of 104 and y?
26
Let q(o) = -56*o - 47. Let r be q(-2). What is the greatest common factor of 65 and r?
65
Let v(z) = 6*z - 7. Let i be v(-4). Let y = i - -35. Calculate the greatest common factor of 12 and y.
4
Let x(d) = -3 - 4*d + 2*d + 4. Let p be x(-2). Suppose 0 = v + p, g + 3*v + 2*v + 18 = 0. Calculate the highest common divisor of 28 and g.
7
Let z be 35/2*12/30. Suppose -2*r - 5*y - 15 = -z*r, 3*r - y = 9. Calculate the highest common divisor of r and 24.
3
Let k be 1/5 - 56658/(-210). What is the highest common factor of 15 and k?
15
Suppose -225 = -36*i + 41*i. Let z = -33 - i. Calculate the greatest common factor of 132 and z.
12
Let v(z) = 23*z**2 + 3*z - 2. Let m be v(1). What is the highest common divisor of 184 and m?
8
Let v(s) = -139*s**3 + 4*s**2 + s - 2. Let y be v(-1). What is the greatest common factor of y and 10?
10
Let m = 144 - 74. Suppose 0 = -0*h - 3*h + 21. Calculate the greatest common factor of h and m.
7
Suppose 5*j = 4*a + 487, 0 = -4*j - 0*a - 2*a + 374. Suppose -4*h = h + j. Let i = 9 - h. What is the highest common factor of 224 and i?
28
Let a = 180 - 174. Calculate the greatest common factor of a and 34.
2
Let o(x) = -13*x**2 + 197*x - 20. Let p be o(15). Calculate the greatest common factor of 370 and p.
10
Let y be (-51)/(-7) + 4/(-14). Let p = -25 - -25. Let i be (-105)/(-3) + p - 0. Calculate the greatest common divisor of y and i.
7
Let a be -4*(5 + -1)/(-2). Suppose -a = -5*y + 4*o, -3*o + 8*o = -4*y + 31. Suppose -8 = -y*v + 16. Calculate the greatest common factor of v and 66.
6
Suppose -1063*t + 220 = -953*t. Suppose 0 = s + 3 - 5. Suppose -4*p = -s*z - 4, 3*p = -5*z - 13 + 55. What is the highest common factor of z and t?
2
Let b = 341 - 323. What is the highest common divisor of b and 8?
2
Suppose -c + 25 - 27 = 0. Let r be -1*-12*c/(-1). What is the highest common divisor of r and 6?
6
Suppose 0*a = 2*a - 4. Let c be a + 9/1 + 2. Let r be (6/12)/1*26. What is the greatest common factor of r and c?
13
Suppose 3*j + 0*j - 12 = 0. Suppose c - 4*w = -3*w + 8, 0 = 3*c + j*w + 11. Suppose -9 = -3*q + 90. What is the greatest common factor of q and c?
3
Let a be 493/4 - (-6)/8. What is the greatest common divisor of 930 and a?
62
Suppose 53*d - 48*d = 400. Calculate the greatest common factor of 1520 and d.
80
Let y(w) = w**3 - 9*w**2 + 2*w + 2. Let f = 12 - 11. Suppose 3*r + f = 28. Let x be y(r). Calculate the greatest common factor of x and 8.
4
Let f(y) = -y**2 - 18*y - 17. Let b be f(-9). What is the greatest common divisor of 8 and b?
8
Suppose 10*r = 11 + 19. Suppose 90 = -r*i + 315. What is the greatest common factor of 60 and i?
15
Let h(q) = -2*q**3 - 6*q**2 - 2*q - 5. Let j be h(-5). Suppose 0 = -3*z, -3*o + 4*o - j = 3*z. What is the highest common factor of 15 and o?
15
Suppose -4*x + 554 = 47*u - 44*u, 3*x + 202 = u. What is the highest common factor of u and 152?
38
Suppose 10 = 5*v + j, 84 = -4*v - 2*j + 86. Calculate the highest common factor of v and 51.
3
Suppose 32*b - 2120 = -648. What is the highest common factor of 1150 and b?
46
Let m be -35*(18/10 + (1 - 2)). Let c(p) = p**2 + 26*p - 21. Let t be c(m). Let d = -53 + 88. What is the highest common factor of t and d?
35
Let z be 57/(-9)*(-1 - 2). Let c = 63 + -4. Suppose 2*q = -o + c, 0 = 2*o + 5*q - 4*q - 115. What is the greatest common factor of o and z?
19
Let o be 21/14 + (-1)/(-2). Let i(c) = -3*c - 4 + 5 + 3*c**2 - c**2. Let s be i(o). What is the greatest common factor of s and 9?
3
Suppose -4*o = 3*a + 6 - 0, -4*o - 2 = a. Let s be (a/(-4))/((-4)/64). Let i = -3 - s. Calculate the greatest common factor of i and 35.
5
Let b(c) = 65*c**2 - c. Let h be 6*4/(-8) + 5. Suppose 0 = -0*t + h*t + 2. Let d be b(t). Calculate the greatest common factor of d and 22.
22
Let g = -22 - -26. Suppose 2*k = 0, 3*k + 4 + g = 4*m. Let w be 16/(2 - (2 - m)). Calculate the highest common divisor of w and 72.
8
Suppose 3*a - 20 = -5*l - 1, 5*a = -5*l + 15. Suppose -l*d + 4*m = -4*d - 14, -34 = -d - m. Let u = -22 + d. Calculate the highest common divisor of 16 and u.
8
Let m(x) = -42*x - 217. Let n be m(-6). Calculate the highest common divisor of 91 and n.
7
Let n = -42 - -59. Let o = n - 3. What is the highest common divisor of o and 21?
7
Let v be ((-10)/7)/((-3)/357). What is the greatest common factor of v and 50?
10
Let l be -2 + (-296)/(-30) - (-12)/90. Let x = 40 + -24. What is the greatest common factor of l and x?
8
Suppose 0*m - 235 = -3*m - j, 0 = 4*m - 4*j - 308. Suppose 42 = -35*q + 36*q. Suppose -m = -4*t + q. Calculate the highest common divisor of 12 and t.
6
Let n(s) = 3*s - 34. Let y be n(14). Suppose o - 58 = 30. Calculate the greatest common divisor of o and y.
8
Let k be 0/(12/(-18)*6/(-4)). Suppose 19 = 3*h + 8*z - 3*z, k = 3*z + 3. Let v(j) = 2*j - 6. Let w be v(5). What is the highest common divisor of h and w?
4
Let b(i) = -i**3 + 21*i**2 - 17*i - 111. Let s be b(14). What is the greatest common factor of s and 33?
33
Suppose 2618 = 18*y + 16*y. What is the highest common divisor of 55 and y?
11
Let r be (8/(-2))/(-8*5/(-160)). Let i be r/(-12)*9*10. What is the highest common factor of i and 30?
30
Let h = 15 + -9. Let t be h/(-8) - 3369/(-12). Calculate the greatest common factor of t and 35.
35
Let w(o) = 9*o**2 - 5*o**2 + 4*o**2. Let m be (-15)/(-6) - 3/(-6). Let n be w(m). Calculate the highest common divisor of 9 and n.
9
Suppose -10*n = -7*n - 9. Suppose -f + 106 = n*f + 2*m, 2*f + 5*m - 41 = 0. What is the highest common factor of 224 and f?
28
Let t = -2684 - -3179. What is the highest common factor of t and 180?
45
Let i(t) = t - 4. Let w be i(9). Suppose w*g + 3 = 6*g. What is the highest common divisor of 1 and g?
1
Suppose -4 = -q + 3. Let y(x) = x**3 - 8*x**2 + 4*x + 6. Let j be y(q). Let n be (-129)/j - (-12)/30. Calculate the greatest common divisor of n and 6.
3
Let f be 206 - (-9)/(117/(-143)). Calculate the highest common factor of f and 180.
15
Let c(d) = -2*d - 9. Let i(z) = -5*z - 26. Let f(o) = 8*c(o) - 3*i(o). Let l be f(-6). Let w = 9 + l. Calculate the greatest common factor of 231 and w.
21
Let v(k) = -4*k - 3. Let p be v(-2). Let i be 15/(-1)*(-2)/p. Let j = i - -12. What is the greatest common factor of j and 90?
18
Suppose -3*g - 5*l + 51 = 0, 0 = 3*g - 5*l - 2 - 19. What is the highest common factor of g and 18?
6
Let m = -17 + 24. Suppose -67 - 108 = -5*w. Let u be (w/(-10))/((-2)/36). Calculate the highest common divisor of m and u.
7
Suppose 0 = -2*m - w + 16, -5*m + w + w + 49 = 0. Let c(t) = 17*t**3 + 5 - 5*t**3 - 2. Let a be c(2). Calculate the greatest common divisor of m and a.
9
Let c(i) = -i**3 + 10*i**2 - 2*i - 5. Let m be c(9). What is the greatest common factor of m and 87?
29
Let m(g) = 318 - 310 + 0*g - 2*g + g**3. Let f be m(0). Calculate the greatest common factor of f and 32.
8
Let z(r) = -r**3 + 5*r**2 - 8*r + 21. Let q be z(4). What is the highest common divisor of q and 300?
5
Suppose 0 = 5*i + 106 + 94. Let x be 5/i + 290/16. What is the highest common divisor of x and 2?
2
Suppose -4 = -2*t + 2*l, l = 4*t - 4*l - 5. Suppose 3*p - 110 = 5*n, 2*n - 142 = -5*p - 0*n. Let f = 65 - p. Calculate the highest common factor of t and f.
5
Suppose -3*a - 2*o + 4 = -2, -a + 10 = -2*o. Suppose -y = -2*y + 39. Suppose 2*f + v - 2*v = 73, 3*v = f - y. What is the highest common divisor of f and a?
4
Suppose 5*b - j = 443, j + 3*j + 12 = 0. Suppose x - 5*x +